{"id":19,"date":"2023-08-12T11:47:31","date_gmt":"2023-08-12T09:47:31","guid":{"rendered":"https:\/\/christian-haeffele-photographie.fr\/?page_id=19"},"modified":"2024-07-16T12:40:23","modified_gmt":"2024-07-16T10:40:23","slug":"accueil","status":"publish","type":"page","link":"https:\/\/christian-haeffele-photographie.fr\/","title":{"rendered":"Accueil"},"content":{"rendered":"\n<div class=\"wp-block-group alignfull has-ast-global-color-5-background-color has-background is-layout-constrained wp-container-core-group-is-layout-94d206d0 wp-block-group-is-layout-constrained\" id=\"about\" style=\"padding-top:143px;padding-bottom:144px\">\n<div class=\"wp-block-media-text has-media-on-the-right is-stacked-on-mobile is-vertically-aligned-center\" style=\"grid-template-columns:auto 55%\"><div class=\"wp-block-media-text__content\">\n<div class=\"inherit-container-width wp-block-group is-layout-constrained wp-container-core-group-is-layout-47ce07ec wp-block-group-is-layout-constrained\" style=\"padding-right:80px\">\n<p>La belle et son cort\u00e8ge de gouttes voguent entre ciel et eau au gr\u00e9 de mon imagination.<\/p>\n\n\n\n<p>Une image est n\u00e9e.<\/p>\n\n\n\n<p>Je vous invite \u00e0 suivre mon regard sur les mille et une beaut\u00e9s qui nous entourent.<\/p>\n<\/div>\n<\/div><figure class=\"wp-block-media-text__media\"><img fetchpriority=\"high\" decoding=\"async\" width=\"1024\" height=\"684\" src=\"https:\/\/christian-haeffele-photographie.fr\/wp-content\/uploads\/2023\/08\/13-1984-BO-1-1024x684.jpg\" alt=\"\" class=\"wp-image-108 size-large\" srcset=\"https:\/\/christian-haeffele-photographie.fr\/wp-content\/uploads\/2023\/08\/13-1984-BO-1-1024x684.jpg 1024w, https:\/\/christian-haeffele-photographie.fr\/wp-content\/uploads\/2023\/08\/13-1984-BO-1-300x200.jpg 300w, https:\/\/christian-haeffele-photographie.fr\/wp-content\/uploads\/2023\/08\/13-1984-BO-1-768x513.jpg 768w, https:\/\/christian-haeffele-photographie.fr\/wp-content\/uploads\/2023\/08\/13-1984-BO-1-1536x1026.jpg 1536w, https:\/\/christian-haeffele-photographie.fr\/wp-content\/uploads\/2023\/08\/13-1984-BO-1-2048x1368.jpg 2048w\" sizes=\"(max-width: 1024px) 100vw, 1024px\" \/><\/figure><\/div>\n\n\n\n<p><\/p>\n<\/div>\n","protected":false},"excerpt":{"rendered":"<p>La belle et son cort\u00e8ge de gouttes voguent entre ciel et eau au gr\u00e9 de mon imagination. Une image est n\u00e9e. Je vous invite \u00e0 suivre mon regard sur les mille et une beaut\u00e9s qui nous entourent.<\/p>\n","protected":false},"author":1,"featured_media":0,"parent":0,"menu_order":0,"comment_status":"closed","ping_status":"closed","template":"","meta":{"om_disable_all_campaigns":false,"_uag_custom_page_level_css":"","_monsterinsights_skip_tracking":false,"_monsterinsights_sitenote_active":false,"_monsterinsights_sitenote_note":"","_monsterinsights_sitenote_category":0,"site-sidebar-layout":"no-sidebar","site-content-layout":"plain-container","ast-global-header-display":"","ast-banner-title-visibility":"","ast-main-header-display":"","ast-hfb-above-header-display":"","ast-hfb-below-header-display":"","ast-hfb-mobile-header-display":"","site-post-title":"disabled","ast-breadcrumbs-content":"disabled","ast-featured-img":"","footer-sml-layout":"","theme-transparent-header-meta":"enabled","adv-header-id-meta":"","stick-header-meta":"","header-above-stick-meta":"","header-main-stick-meta":"","header-below-stick-meta":"","footnotes":""},"class_list":["post-19","page","type-page","status-publish","hentry"],"aioseo_notices":[],"uagb_featured_image_src":{"full":false,"thumbnail":false,"medium":false,"medium_large":false,"large":false,"1536x1536":false,"2048x2048":false},"uagb_author_info":{"display_name":"christian-haeffele-photographie.fr","author_link":"https:\/\/christian-haeffele-photographie.fr\/?author=1"},"uagb_comment_info":0,"uagb_excerpt":"La belle et son cort\u00e8ge de gouttes voguent entre ciel et eau au gr\u00e9 de mon imagination. Une image est n\u00e9e. Je vous invite \u00e0 suivre mon regard sur les mille et une beaut\u00e9s qui nous entourent.","_links":{"self":[{"href":"https:\/\/christian-haeffele-photographie.fr\/index.php?rest_route=\/wp\/v2\/pages\/19","targetHints":{"allow":["GET"]}}],"collection":[{"href":"https:\/\/christian-haeffele-photographie.fr\/index.php?rest_route=\/wp\/v2\/pages"}],"about":[{"href":"https:\/\/christian-haeffele-photographie.fr\/index.php?rest_route=\/wp\/v2\/types\/page"}],"author":[{"embeddable":true,"href":"https:\/\/christian-haeffele-photographie.fr\/index.php?rest_route=\/wp\/v2\/users\/1"}],"replies":[{"embeddable":true,"href":"https:\/\/christian-haeffele-photographie.fr\/index.php?rest_route=%2Fwp%2Fv2%2Fcomments&post=19"}],"version-history":[{"count":13,"href":"https:\/\/christian-haeffele-photographie.fr\/index.php?rest_route=\/wp\/v2\/pages\/19\/revisions"}],"predecessor-version":[{"id":276,"href":"https:\/\/christian-haeffele-photographie.fr\/index.php?rest_route=\/wp\/v2\/pages\/19\/revisions\/276"}],"wp:attachment":[{"href":"https:\/\/christian-haeffele-photographie.fr\/index.php?rest_route=%2Fwp%2Fv2%2Fmedia&parent=19"}],"curies":[{"name":"wp","href":"https:\/\/api.w.org\/{rel}","templated":true}]}}